{"id":8266,"date":"2024-04-19T22:20:39","date_gmt":"2024-04-19T20:20:39","guid":{"rendered":"https:\/\/mocapp.net\/blog\/?page_id=8266"},"modified":"2024-05-06T16:04:53","modified_gmt":"2024-05-06T14:04:53","slug":"laura-savu-tiktok","status":"publish","type":"page","link":"https:\/\/mocapp.net\/blog\/laura-savu-tiktok\/?lang=ro","title":{"rendered":"Laura Savu (TikTok Live Rom\u00e2nia) este Mentor Influencer Accelerator"},"content":{"rendered":"<h2>Laura Savu este Mentor Influencer Accelerator by MOCAPP.<\/h2>\n<p>IAM prezint\u0103 un Webinar gratuit despre TikTok Live sus\u021binut de directorul pe Rom\u00e2nia al re\u021belei sociale &#8211; <strong>Laura Savu<\/strong>.<\/p>\n<p><strong>Data:<\/strong> 16 Aprilie 2024.<\/p>\n<p><strong>Ora:<\/strong> 16:00<\/p>\n<p><strong>Loca\u021bie:<\/strong> Aplica\u021bia IAM &#8211; <a href=\"https:\/\/mocapp.net\/iam\">https:\/\/mocapp.net\/iam<\/a><\/p>\n<div id=\"attachment_8268\" style=\"width: 235px\" class=\"wp-caption alignnone\"><img loading=\"lazy\" decoding=\"async\" aria-describedby=\"caption-attachment-8268\" class=\"wp-image-8268 size-medium\" src=\"https:\/\/mocapp.net\/blog\/wp-content\/uploads\/2024\/04\/Laura-Savu-TikTok-Live-225x300.jpeg\" alt=\"Laura Savu - TikTok Live Rom\u00e2nia\" width=\"225\" height=\"300\" \/><p id=\"caption-attachment-8268\" class=\"wp-caption-text\">Laura Savu &#8211; TikTok Live Rom\u00e2nia<\/p><\/div>\n<p>TikTok este aplica\u021bia social\u0103 cu cea mai mare cre\u0219tere \u00een ultimii ani \u0219i multe bugete de campanii Influencer Marketing merg c\u0103tre creatorii TikTok!<\/p>\n<p><u>\u00cen premier\u0103 \u00een Rom\u00e2nia<\/u>\u00a0avem acces la\u00a0<strong>Country Manager TikTok Live Rom\u00e2nia &#8211; Laura Savu.\u00a0<\/strong><\/p>\n<p>Laura Savu locuie\u0219te la Londra \u0219i conduce TikTok Live pe toat\u0103 \u021bara noastr\u0103, are informa\u021bii \u0219i statistici la prima m\u00e2n\u0103.<\/p>\n<p><a id=\"isPasted\" href=\"https:\/\/www.linkedin.com\/in\/laura-savu-0937b177\/\" target=\"_blank\" rel=\"noopener noreferrer\" data-fr-linked=\"true\">https:\/\/www.linkedin.com\/in\/laura-savu-0937b177\/<\/a><\/p>\n<p>Laura ne va dezv\u0103lui:<br \/>\n&#8211; Planurile TikTok \u00een Rom\u00e2nia referitoare la creatorii de con\u021binut<br \/>\n&#8211; Pove\u0219ti de succes ale celor mai de succes creatori rom\u00e2ni pe TikTok<br \/>\n&#8211; Cum po\u021bi cre\u0219te comunitatea ta \u0219i cum po\u021bi genera impact<br \/>\n&#8211; Cum monetizezi Live-urile tale (top creatori genereaz\u0103 10-20.000\u20ac \/ lun\u0103 deja!)<\/p>\n<p><strong>Bonus:<\/strong>\u00a0Dac\u0103 participi la Webinar\u00a0<u>vei putea c\u00e2\u0219tiga invita\u021bii la evenimente private organizate de TikTok Rom\u00e2nia<\/u> &#8211; at\u00e2t online c\u00e2t \u0219i offline, \u00een Bucure\u0219ti.<\/p>\n<h2>Mentori Influencer Acccelerator<\/h2>\n<div class=\"post_img static\"><img loading=\"lazy\" decoding=\"async\" class=\"alignnone wp-image-8257 size-large\" src=\"https:\/\/mocapp.net\/blog\/wp-content\/uploads\/2024\/04\/Screenshot-2024-04-19-at-20.30.21-1024x563.png\" alt=\"Laura Savu\" width=\"1024\" height=\"563\" \/><\/div>\n<p><strong>09.05.2024 Ask Us Anything<\/strong><br \/>\n\u2013 Webinar Free cu echipa IAM<\/p>\n<p><strong>14.05.2024 A.I. pentru creatori<\/strong><br \/>\n\u2013 Webinar Free cu Cosmin Gheorghil\u0103<\/p>\n<p><strong>16.05.2024 TikTok Live Trends &amp; Monetizare<\/strong><br \/>\n\u2013 Webinar Free cu Laura Savu, Country Manager TikTok Live Rom\u00e2nia<\/p>\n<p><strong>23.05.2024 C\u00e2\u0219tig\u0103 de 10 ori mai mult cu un brand personal clar \u0219i puternic<\/strong><br \/>\n\u2013 Webinar despre Personal Branding cu Florin Grozea &amp; Cristina China Birta.<\/p>\n<p><strong>30.05.2024 Content creativ de succes la public, dar \u0219i la branduri<\/strong><br \/>\n\u2013 Webinar cu Radu Constantin \u0219i Cristina One<\/p>\n<p><strong>06.06.2024 Cum devii viral pe TikTok, Instagram \u0219i Linkedin<\/strong><br \/>\n\u2013 Webinar cu Denisa Constantinoiu (agen\u021bia Kollab) \u0219i Andrei Ikim (creator de con\u021binut)<\/p>\n<p><strong>13.06.2024 Comunitate \u0219i engagement<\/strong><br \/>\n\u2013 Webinar cu Aluziva (creator de con\u021binut)<\/p>\n<p><strong>20.06 Monetizare: Cum fac bani din rela\u021bia cu brandurile<\/strong><br \/>\n\u2013 Webinar cu Mircea Bravo (creator de con\u021binut, regizor, actor) \u0219i Bogdan Tomoiag\u0103 (agen\u021bia GRF+)<\/p>\n<p><strong>27.06 Contracte, etic\u0103 \u0219i aspecte legale \u00een industria publicit\u0103\u021bii<\/strong><br \/>\n\u2013 Webinar cu Andreea Borbel (avocat) \u0219i Alexandra Teja (expert Influencer Marketing)<\/p>\n<p><strong>04.07 Lucrul cu managerii de talente \u0219i agen\u021biile de marketing<\/strong><br \/>\n\u2013 Webinar cu Miruna Corneanu (manager influenceri) \u0219i Alex Adam (agen\u021bia Publicis)<\/p>\n<p><strong>11.07 Inspira\u021bie \u0219i viziune \u00een carier\u0103<\/strong><br \/>\n\u2013 Webinar cu Smiley<\/p>\n<p><strong>Iat\u0103 curicula complet\u0103 a Edi\u021biei a 2-a a Influencer Accelerator by MOCAPP:<\/strong><\/p>\n<p><a href=\"https:\/\/mocapp.net\/blog\/influencer-accelerator-mentori-2024\/?lang=ro\" target=\"_blank\" rel=\"noopener\">https:\/\/mocapp.net\/blog\/influencer-accelerator-mentori-2024\/?lang=ro<\/a><\/p>\n","protected":false},"excerpt":{"rendered":"<p>Laura Savu este Mentor Influencer Accelerator by MOCAPP. IAM prezint\u0103 un Webinar gratuit despre TikTok Live sus\u021binut de directorul pe Rom\u00e2nia al re\u021belei sociale &#8211; Laura Savu. Data: 16 Aprilie 2024. Ora: 16:00 Loca\u021bie: Aplica\u021bia IAM &#8211; https:\/\/mocapp.net\/iam TikTok este [&hellip;]<\/p>\n","protected":false},"author":2,"featured_media":0,"parent":0,"menu_order":0,"comment_status":"closed","ping_status":"closed","template":"","meta":{"footnotes":""},"class_list":["post-8266","page","type-page","status-publish","hentry"],"yoast_head":"<!-- This site is optimized with the Yoast SEO plugin v23.2 - https:\/\/yoast.com\/wordpress\/plugins\/seo\/ -->\n<title>Laura Savu (TikTok Live Rom\u00e2nia) este Mentor Influencer Accelerator &#187; MOCAPP<\/title>\n<meta name=\"description\" content=\"Laura Savu - directoarea TikTok Live Rom\u00e2nia este Mentor \u00een Influencer Accelerator by MOCAPP, edi\u021bia a 2-a.\" \/>\n<meta name=\"robots\" content=\"index, follow, max-snippet:-1, max-image-preview:large, max-video-preview:-1\" \/>\n<link rel=\"canonical\" href=\"https:\/\/mocapp.net\/blog\/laura-savu-tiktok\/\" \/>\n<meta property=\"og:locale\" content=\"en_US\" \/>\n<meta property=\"og:type\" content=\"article\" \/>\n<meta property=\"og:title\" content=\"Laura Savu (TikTok Live Rom\u00e2nia) este Mentor Influencer Accelerator &#187; MOCAPP\" \/>\n<meta property=\"og:description\" content=\"Laura Savu - directoarea TikTok Live Rom\u00e2nia este Mentor \u00een Influencer Accelerator by MOCAPP, edi\u021bia a 2-a.\" \/>\n<meta property=\"og:url\" content=\"https:\/\/mocapp.net\/blog\/laura-savu-tiktok\/?lang=ro\" \/>\n<meta property=\"og:site_name\" content=\"MOCAPP\" \/>\n<meta property=\"article:publisher\" content=\"https:\/\/www.facebook.com\/mocapp\/\" \/>\n<meta property=\"article:modified_time\" content=\"2024-05-06T14:04:53+00:00\" \/>\n<meta property=\"og:image\" content=\"https:\/\/mocapp.net\/blog\/wp-content\/uploads\/2024\/04\/Laura-Savu-TikTok-Live-225x300.jpeg\" \/>\n<meta name=\"twitter:card\" content=\"summary_large_image\" \/>\n<script type=\"application\/ld+json\" class=\"yoast-schema-graph\">{\"@context\":\"https:\/\/schema.org\",\"@graph\":[{\"@type\":\"WebPage\",\"@id\":\"https:\/\/mocapp.net\/blog\/laura-savu-tiktok\/?lang=ro\",\"url\":\"https:\/\/mocapp.net\/blog\/laura-savu-tiktok\/?lang=ro\",\"name\":\"Laura Savu (TikTok Live Rom\u00e2nia) este Mentor Influencer Accelerator &#187; MOCAPP\",\"isPartOf\":{\"@id\":\"https:\/\/mocapp.net\/blog\/#website\"},\"primaryImageOfPage\":{\"@id\":\"https:\/\/mocapp.net\/blog\/laura-savu-tiktok\/?lang=ro#primaryimage\"},\"image\":{\"@id\":\"https:\/\/mocapp.net\/blog\/laura-savu-tiktok\/?lang=ro#primaryimage\"},\"thumbnailUrl\":\"https:\/\/mocapp.net\/blog\/wp-content\/uploads\/2024\/04\/Laura-Savu-TikTok-Live-225x300.jpeg\",\"datePublished\":\"2024-04-19T20:20:39+00:00\",\"dateModified\":\"2024-05-06T14:04:53+00:00\",\"description\":\"Laura Savu - directoarea TikTok Live Rom\u00e2nia este Mentor \u00een Influencer Accelerator by MOCAPP, edi\u021bia a 2-a.\",\"breadcrumb\":{\"@id\":\"https:\/\/mocapp.net\/blog\/laura-savu-tiktok\/?lang=ro#breadcrumb\"},\"inLanguage\":\"en-US\",\"potentialAction\":[{\"@type\":\"ReadAction\",\"target\":[\"https:\/\/mocapp.net\/blog\/laura-savu-tiktok\/?lang=ro\"]}]},{\"@type\":\"ImageObject\",\"inLanguage\":\"en-US\",\"@id\":\"https:\/\/mocapp.net\/blog\/laura-savu-tiktok\/?lang=ro#primaryimage\",\"url\":\"https:\/\/mocapp.net\/blog\/wp-content\/uploads\/2024\/04\/Laura-Savu-TikTok-Live-225x300.jpeg\",\"contentUrl\":\"https:\/\/mocapp.net\/blog\/wp-content\/uploads\/2024\/04\/Laura-Savu-TikTok-Live-225x300.jpeg\"},{\"@type\":\"BreadcrumbList\",\"@id\":\"https:\/\/mocapp.net\/blog\/laura-savu-tiktok\/?lang=ro#breadcrumb\",\"itemListElement\":[{\"@type\":\"ListItem\",\"position\":1,\"name\":\"Home\",\"item\":\"https:\/\/mocapp.net\/blog\/\"},{\"@type\":\"ListItem\",\"position\":2,\"name\":\"Laura Savu (TikTok Live Rom\u00e2nia) este Mentor Influencer Accelerator\"}]},{\"@type\":\"WebSite\",\"@id\":\"https:\/\/mocapp.net\/blog\/#website\",\"url\":\"https:\/\/mocapp.net\/blog\/\",\"name\":\"MOCAPP\",\"description\":\"Blogul MOCAPP\",\"publisher\":{\"@id\":\"https:\/\/mocapp.net\/blog\/#organization\"},\"potentialAction\":[{\"@type\":\"SearchAction\",\"target\":{\"@type\":\"EntryPoint\",\"urlTemplate\":\"https:\/\/mocapp.net\/blog\/?s={search_term_string}\"},\"query-input\":\"required name=search_term_string\"}],\"inLanguage\":\"en-US\"},{\"@type\":\"Organization\",\"@id\":\"https:\/\/mocapp.net\/blog\/#organization\",\"name\":\"Mocapp\",\"url\":\"https:\/\/mocapp.net\/blog\/\",\"logo\":{\"@type\":\"ImageObject\",\"inLanguage\":\"en-US\",\"@id\":\"https:\/\/mocapp.net\/blog\/#\/schema\/logo\/image\/\",\"url\":\"https:\/\/blog.mocapp.net\/wp-content\/uploads\/2020\/06\/LOGO_WhiteBG.png\",\"contentUrl\":\"https:\/\/blog.mocapp.net\/wp-content\/uploads\/2020\/06\/LOGO_WhiteBG.png\",\"width\":110,\"height\":30,\"caption\":\"Mocapp\"},\"image\":{\"@id\":\"https:\/\/mocapp.net\/blog\/#\/schema\/logo\/image\/\"},\"sameAs\":[\"https:\/\/www.facebook.com\/mocapp\/\",\"https:\/\/www.instagram.com\/mocappnet\/\"]}]}<\/script>\n<!-- \/ Yoast SEO plugin. -->","yoast_head_json":{"title":"Laura Savu (TikTok Live Rom\u00e2nia) este Mentor Influencer Accelerator &#187; MOCAPP","description":"Laura Savu - directoarea TikTok Live Rom\u00e2nia este Mentor \u00een Influencer Accelerator by MOCAPP, edi\u021bia a 2-a.","robots":{"index":"index","follow":"follow","max-snippet":"max-snippet:-1","max-image-preview":"max-image-preview:large","max-video-preview":"max-video-preview:-1"},"canonical":"https:\/\/mocapp.net\/blog\/laura-savu-tiktok\/","og_locale":"en_US","og_type":"article","og_title":"Laura Savu (TikTok Live Rom\u00e2nia) este Mentor Influencer Accelerator &#187; MOCAPP","og_description":"Laura Savu - directoarea TikTok Live Rom\u00e2nia este Mentor \u00een Influencer Accelerator by MOCAPP, edi\u021bia a 2-a.","og_url":"https:\/\/mocapp.net\/blog\/laura-savu-tiktok\/?lang=ro","og_site_name":"MOCAPP","article_publisher":"https:\/\/www.facebook.com\/mocapp\/","article_modified_time":"2024-05-06T14:04:53+00:00","og_image":[{"url":"https:\/\/mocapp.net\/blog\/wp-content\/uploads\/2024\/04\/Laura-Savu-TikTok-Live-225x300.jpeg"}],"twitter_card":"summary_large_image","schema":{"@context":"https:\/\/schema.org","@graph":[{"@type":"WebPage","@id":"https:\/\/mocapp.net\/blog\/laura-savu-tiktok\/?lang=ro","url":"https:\/\/mocapp.net\/blog\/laura-savu-tiktok\/?lang=ro","name":"Laura Savu (TikTok Live Rom\u00e2nia) este Mentor Influencer Accelerator &#187; MOCAPP","isPartOf":{"@id":"https:\/\/mocapp.net\/blog\/#website"},"primaryImageOfPage":{"@id":"https:\/\/mocapp.net\/blog\/laura-savu-tiktok\/?lang=ro#primaryimage"},"image":{"@id":"https:\/\/mocapp.net\/blog\/laura-savu-tiktok\/?lang=ro#primaryimage"},"thumbnailUrl":"https:\/\/mocapp.net\/blog\/wp-content\/uploads\/2024\/04\/Laura-Savu-TikTok-Live-225x300.jpeg","datePublished":"2024-04-19T20:20:39+00:00","dateModified":"2024-05-06T14:04:53+00:00","description":"Laura Savu - directoarea TikTok Live Rom\u00e2nia este Mentor \u00een Influencer Accelerator by MOCAPP, edi\u021bia a 2-a.","breadcrumb":{"@id":"https:\/\/mocapp.net\/blog\/laura-savu-tiktok\/?lang=ro#breadcrumb"},"inLanguage":"en-US","potentialAction":[{"@type":"ReadAction","target":["https:\/\/mocapp.net\/blog\/laura-savu-tiktok\/?lang=ro"]}]},{"@type":"ImageObject","inLanguage":"en-US","@id":"https:\/\/mocapp.net\/blog\/laura-savu-tiktok\/?lang=ro#primaryimage","url":"https:\/\/mocapp.net\/blog\/wp-content\/uploads\/2024\/04\/Laura-Savu-TikTok-Live-225x300.jpeg","contentUrl":"https:\/\/mocapp.net\/blog\/wp-content\/uploads\/2024\/04\/Laura-Savu-TikTok-Live-225x300.jpeg"},{"@type":"BreadcrumbList","@id":"https:\/\/mocapp.net\/blog\/laura-savu-tiktok\/?lang=ro#breadcrumb","itemListElement":[{"@type":"ListItem","position":1,"name":"Home","item":"https:\/\/mocapp.net\/blog\/"},{"@type":"ListItem","position":2,"name":"Laura Savu (TikTok Live Rom\u00e2nia) este Mentor Influencer Accelerator"}]},{"@type":"WebSite","@id":"https:\/\/mocapp.net\/blog\/#website","url":"https:\/\/mocapp.net\/blog\/","name":"MOCAPP","description":"Blogul MOCAPP","publisher":{"@id":"https:\/\/mocapp.net\/blog\/#organization"},"potentialAction":[{"@type":"SearchAction","target":{"@type":"EntryPoint","urlTemplate":"https:\/\/mocapp.net\/blog\/?s={search_term_string}"},"query-input":"required name=search_term_string"}],"inLanguage":"en-US"},{"@type":"Organization","@id":"https:\/\/mocapp.net\/blog\/#organization","name":"Mocapp","url":"https:\/\/mocapp.net\/blog\/","logo":{"@type":"ImageObject","inLanguage":"en-US","@id":"https:\/\/mocapp.net\/blog\/#\/schema\/logo\/image\/","url":"https:\/\/blog.mocapp.net\/wp-content\/uploads\/2020\/06\/LOGO_WhiteBG.png","contentUrl":"https:\/\/blog.mocapp.net\/wp-content\/uploads\/2020\/06\/LOGO_WhiteBG.png","width":110,"height":30,"caption":"Mocapp"},"image":{"@id":"https:\/\/mocapp.net\/blog\/#\/schema\/logo\/image\/"},"sameAs":["https:\/\/www.facebook.com\/mocapp\/","https:\/\/www.instagram.com\/mocappnet\/"]}]}},"_links":{"self":[{"href":"https:\/\/mocapp.net\/blog\/wp-json\/wp\/v2\/pages\/8266"}],"collection":[{"href":"https:\/\/mocapp.net\/blog\/wp-json\/wp\/v2\/pages"}],"about":[{"href":"https:\/\/mocapp.net\/blog\/wp-json\/wp\/v2\/types\/page"}],"author":[{"embeddable":true,"href":"https:\/\/mocapp.net\/blog\/wp-json\/wp\/v2\/users\/2"}],"replies":[{"embeddable":true,"href":"https:\/\/mocapp.net\/blog\/wp-json\/wp\/v2\/comments?post=8266"}],"version-history":[{"count":4,"href":"https:\/\/mocapp.net\/blog\/wp-json\/wp\/v2\/pages\/8266\/revisions"}],"predecessor-version":[{"id":8369,"href":"https:\/\/mocapp.net\/blog\/wp-json\/wp\/v2\/pages\/8266\/revisions\/8369"}],"wp:attachment":[{"href":"https:\/\/mocapp.net\/blog\/wp-json\/wp\/v2\/media?parent=8266"}],"curies":[{"name":"wp","href":"https:\/\/api.w.org\/{rel}","templated":true}]}}