{"id":8289,"date":"2024-04-21T19:13:38","date_gmt":"2024-04-21T17:13:38","guid":{"rendered":"https:\/\/mocapp.net\/blog\/?page_id=8289"},"modified":"2024-05-06T16:09:15","modified_gmt":"2024-05-06T14:09:15","slug":"alexandra-teja-brockmann","status":"publish","type":"page","link":"https:\/\/mocapp.net\/blog\/alexandra-teja-brockmann\/?lang=ro","title":{"rendered":"Alexandra Teja Brockmann este Mentor Influencer Accelerator by MOCAPP"},"content":{"rendered":"<h2>Alexandra Teja Brockmann este Mentor Influencer Accelerator<\/h2>\n<p><strong>Alexandra Teja Brockmann<\/strong> are o experien\u021b\u0103 remarcabil\u0103 \u00een marketingul de influen\u021b\u0103, eviden\u021biat\u0103 de rolurile sale de conducere la InfluencerDB \u0219i <a href=\"https:\/\/www.brandwatch.com\/\" target=\"_blank\" rel=\"noopener\">BrandWatch<\/a>.<\/p>\n<p>La companiile la care a lucrat a dezvoltat strategii care conecteaz\u0103 brandurile eficient cu creatorii de con\u021binut, \u00eembun\u0103t\u0103\u021bind prezen\u021ba \u0219i angajamentul brandurilor pe platformele sociale.<\/p>\n<p>Abordarea ei \u00een Influencer Marketing este bazat\u0103 pe date, asigur\u00e2nd c\u0103 parteneriatele sunt nu doar creative, ci \u0219i eficiente din punct de vedere cantitativ.<\/p>\n<p>Alexandra este \u0219i advisor MOCAPP \u0219i a fost mentor \u00een prima cohort\u0103 a programului Influencer Accelerator by MOCAPP (IAM).<\/p>\n<p>Pentru mai multe detalii despre cariera \u0219i contribu\u021biile ei, pute\u021bi vizita profilul ei de LinkedIn: <a href=\"https:\/\/www.linkedin.com\/in\/alexandrateja\" target=\"_blank\" rel=\"noopener\">https:\/\/www.linkedin.com\/in\/alexandrateja<\/a><\/p>\n<p><img loading=\"lazy\" decoding=\"async\" class=\"alignnone size-medium wp-image-8372\" src=\"https:\/\/mocapp.net\/blog\/wp-content\/uploads\/2024\/05\/Alexandra-Teja-profil-2024-300x300.jpeg\" alt=\"Alexandra Teja Brockmann\" width=\"300\" height=\"300\" \/><\/p>\n<h2>Mentori Influencer Acccelerator<\/h2>\n<div class=\"post_img static\"><img loading=\"lazy\" decoding=\"async\" class=\"alignnone wp-image-8257 size-large\" src=\"https:\/\/mocapp.net\/blog\/wp-content\/uploads\/2024\/04\/Screenshot-2024-04-19-at-20.30.21-1024x563.png\" alt=\"Aluziva - Alina Greavu\" width=\"1024\" height=\"563\" \/><\/div>\n<p><strong>09.05.2024 Ask Us Anything<\/strong><br \/>\n\u2013 Webinar Free cu echipa IAM<\/p>\n<p><strong>14.05.2024 A.I. pentru creatori<\/strong><br \/>\n\u2013 Webinar Free cu Cosmin Gheorghil\u0103<\/p>\n<p><strong>16.05.2024 TikTok Live Trends &amp; Monetizare<\/strong><br \/>\n\u2013 Webinar Free cu Laura Savu, Country Manager TikTok Live Rom\u00e2nia<\/p>\n<p><strong>23.05.2024 C\u00e2\u0219tig\u0103 de 10 ori mai mult cu un brand personal clar \u0219i puternic<\/strong><br \/>\n\u2013 Webinar despre Personal Branding cu Florin Grozea &amp; Cristina China Birta.<\/p>\n<p><strong>30.05.2024 Content creativ de succes la public, dar \u0219i la branduri<\/strong><br \/>\n\u2013 Webinar cu Radu Constantin \u0219i Cristina One<\/p>\n<p><strong>06.06.2024 Cum devii viral pe TikTok, Instagram \u0219i Linkedin<\/strong><br \/>\n\u2013 Webinar cu Denisa Constantinoiu (agen\u021bia Kollab) \u0219i Andrei Ikim (creator de con\u021binut)<\/p>\n<p><strong>13.06.2024 Comunitate \u0219i engagement<\/strong><br \/>\n\u2013 Webinar cu Aluziva (creator de con\u021binut)<\/p>\n<p><strong>20.06 Monetizare: Cum fac bani din rela\u021bia cu brandurile<\/strong><br \/>\n\u2013 Webinar cu Mircea Bravo (creator de con\u021binut, regizor, actor) \u0219i Bogdan Tomoiag\u0103 (agen\u021bia GRF+)<\/p>\n<p><strong>27.06 Contracte, etic\u0103 \u0219i aspecte legale \u00een industria publicit\u0103\u021bii<\/strong><br \/>\n\u2013 Webinar cu Andreea Borbel (avocat) \u0219i Alexandra Teja (expert Influencer Marketing)<\/p>\n<p><strong>04.07 Lucrul cu managerii de talente \u0219i agen\u021biile de marketing<\/strong><br \/>\n\u2013 Webinar cu Miruna Corneanu (manager influenceri) \u0219i Alex Adam (agen\u021bia Publicis)<\/p>\n<p><strong>11.07 Inspira\u021bie \u0219i viziune \u00een carier\u0103<\/strong><br \/>\n\u2013 Webinar cu Smiley<\/p>\n<p><strong>Iat\u0103 curicula complet\u0103 a Edi\u021biei a 2-a a Influencer Accelerator by MOCAPP:<\/strong><\/p>\n<p><a href=\"https:\/\/mocapp.net\/blog\/influencer-accelerator-mentori-2024\/?lang=ro\" target=\"_blank\" rel=\"noopener\">https:\/\/mocapp.net\/blog\/influencer-accelerator-mentori-2024\/?lang=ro<\/a><\/p>\n","protected":false},"excerpt":{"rendered":"<p>Alexandra Teja Brockmann este Mentor Influencer Accelerator Alexandra Teja Brockmann are o experien\u021b\u0103 remarcabil\u0103 \u00een marketingul de influen\u021b\u0103, eviden\u021biat\u0103 de rolurile sale de conducere la InfluencerDB \u0219i BrandWatch. La companiile la care a lucrat a dezvoltat strategii care conecteaz\u0103 brandurile [&hellip;]<\/p>\n","protected":false},"author":2,"featured_media":0,"parent":0,"menu_order":0,"comment_status":"closed","ping_status":"closed","template":"","meta":{"footnotes":""},"class_list":["post-8289","page","type-page","status-publish","hentry"],"yoast_head":"<!-- This site is optimized with the Yoast SEO plugin v23.2 - https:\/\/yoast.com\/wordpress\/plugins\/seo\/ -->\n<title>Alexandra Teja Brockmann este Mentor Influencer Accelerator by MOCAPP &#187; MOCAPP<\/title>\n<meta name=\"description\" content=\"Alexandra Teja Brockmann din Berlin este Mentor \u00een Influencer Accelerator - edi\u021bia a 2-a (Mai-Iulie 2024)\" \/>\n<meta name=\"robots\" content=\"index, follow, max-snippet:-1, max-image-preview:large, max-video-preview:-1\" \/>\n<link rel=\"canonical\" href=\"https:\/\/mocapp.net\/blog\/alexandra-teja-brockmann\/\" \/>\n<meta property=\"og:locale\" content=\"en_US\" \/>\n<meta property=\"og:type\" content=\"article\" \/>\n<meta property=\"og:title\" content=\"Alexandra Teja Brockmann este Mentor Influencer Accelerator by MOCAPP &#187; MOCAPP\" \/>\n<meta property=\"og:description\" content=\"Alexandra Teja Brockmann din Berlin este Mentor \u00een Influencer Accelerator - edi\u021bia a 2-a (Mai-Iulie 2024)\" \/>\n<meta property=\"og:url\" content=\"https:\/\/mocapp.net\/blog\/alexandra-teja-brockmann\/?lang=ro\" \/>\n<meta property=\"og:site_name\" content=\"MOCAPP\" \/>\n<meta property=\"article:publisher\" content=\"https:\/\/www.facebook.com\/mocapp\/\" \/>\n<meta property=\"article:modified_time\" content=\"2024-05-06T14:09:15+00:00\" \/>\n<meta property=\"og:image\" content=\"https:\/\/mocapp.net\/blog\/wp-content\/uploads\/2024\/05\/Alexandra-Teja-profil-2024-300x300.jpeg\" \/>\n<meta name=\"twitter:card\" content=\"summary_large_image\" \/>\n<script type=\"application\/ld+json\" class=\"yoast-schema-graph\">{\"@context\":\"https:\/\/schema.org\",\"@graph\":[{\"@type\":\"WebPage\",\"@id\":\"https:\/\/mocapp.net\/blog\/alexandra-teja-brockmann\/?lang=ro\",\"url\":\"https:\/\/mocapp.net\/blog\/alexandra-teja-brockmann\/?lang=ro\",\"name\":\"Alexandra Teja Brockmann este Mentor Influencer Accelerator by MOCAPP &#187; MOCAPP\",\"isPartOf\":{\"@id\":\"https:\/\/mocapp.net\/blog\/#website\"},\"primaryImageOfPage\":{\"@id\":\"https:\/\/mocapp.net\/blog\/alexandra-teja-brockmann\/?lang=ro#primaryimage\"},\"image\":{\"@id\":\"https:\/\/mocapp.net\/blog\/alexandra-teja-brockmann\/?lang=ro#primaryimage\"},\"thumbnailUrl\":\"https:\/\/mocapp.net\/blog\/wp-content\/uploads\/2024\/05\/Alexandra-Teja-profil-2024-300x300.jpeg\",\"datePublished\":\"2024-04-21T17:13:38+00:00\",\"dateModified\":\"2024-05-06T14:09:15+00:00\",\"description\":\"Alexandra Teja Brockmann din Berlin este Mentor \u00een Influencer Accelerator - edi\u021bia a 2-a (Mai-Iulie 2024)\",\"breadcrumb\":{\"@id\":\"https:\/\/mocapp.net\/blog\/alexandra-teja-brockmann\/?lang=ro#breadcrumb\"},\"inLanguage\":\"en-US\",\"potentialAction\":[{\"@type\":\"ReadAction\",\"target\":[\"https:\/\/mocapp.net\/blog\/alexandra-teja-brockmann\/?lang=ro\"]}]},{\"@type\":\"ImageObject\",\"inLanguage\":\"en-US\",\"@id\":\"https:\/\/mocapp.net\/blog\/alexandra-teja-brockmann\/?lang=ro#primaryimage\",\"url\":\"https:\/\/mocapp.net\/blog\/wp-content\/uploads\/2024\/05\/Alexandra-Teja-profil-2024-300x300.jpeg\",\"contentUrl\":\"https:\/\/mocapp.net\/blog\/wp-content\/uploads\/2024\/05\/Alexandra-Teja-profil-2024-300x300.jpeg\"},{\"@type\":\"BreadcrumbList\",\"@id\":\"https:\/\/mocapp.net\/blog\/alexandra-teja-brockmann\/?lang=ro#breadcrumb\",\"itemListElement\":[{\"@type\":\"ListItem\",\"position\":1,\"name\":\"Home\",\"item\":\"https:\/\/mocapp.net\/blog\/\"},{\"@type\":\"ListItem\",\"position\":2,\"name\":\"Alexandra Teja Brockmann este Mentor Influencer Accelerator by MOCAPP\"}]},{\"@type\":\"WebSite\",\"@id\":\"https:\/\/mocapp.net\/blog\/#website\",\"url\":\"https:\/\/mocapp.net\/blog\/\",\"name\":\"MOCAPP\",\"description\":\"Blogul MOCAPP\",\"publisher\":{\"@id\":\"https:\/\/mocapp.net\/blog\/#organization\"},\"potentialAction\":[{\"@type\":\"SearchAction\",\"target\":{\"@type\":\"EntryPoint\",\"urlTemplate\":\"https:\/\/mocapp.net\/blog\/?s={search_term_string}\"},\"query-input\":\"required name=search_term_string\"}],\"inLanguage\":\"en-US\"},{\"@type\":\"Organization\",\"@id\":\"https:\/\/mocapp.net\/blog\/#organization\",\"name\":\"Mocapp\",\"url\":\"https:\/\/mocapp.net\/blog\/\",\"logo\":{\"@type\":\"ImageObject\",\"inLanguage\":\"en-US\",\"@id\":\"https:\/\/mocapp.net\/blog\/#\/schema\/logo\/image\/\",\"url\":\"https:\/\/blog.mocapp.net\/wp-content\/uploads\/2020\/06\/LOGO_WhiteBG.png\",\"contentUrl\":\"https:\/\/blog.mocapp.net\/wp-content\/uploads\/2020\/06\/LOGO_WhiteBG.png\",\"width\":110,\"height\":30,\"caption\":\"Mocapp\"},\"image\":{\"@id\":\"https:\/\/mocapp.net\/blog\/#\/schema\/logo\/image\/\"},\"sameAs\":[\"https:\/\/www.facebook.com\/mocapp\/\",\"https:\/\/www.instagram.com\/mocappnet\/\"]}]}<\/script>\n<!-- \/ Yoast SEO plugin. -->","yoast_head_json":{"title":"Alexandra Teja Brockmann este Mentor Influencer Accelerator by MOCAPP &#187; MOCAPP","description":"Alexandra Teja Brockmann din Berlin este Mentor \u00een Influencer Accelerator - edi\u021bia a 2-a (Mai-Iulie 2024)","robots":{"index":"index","follow":"follow","max-snippet":"max-snippet:-1","max-image-preview":"max-image-preview:large","max-video-preview":"max-video-preview:-1"},"canonical":"https:\/\/mocapp.net\/blog\/alexandra-teja-brockmann\/","og_locale":"en_US","og_type":"article","og_title":"Alexandra Teja Brockmann este Mentor Influencer Accelerator by MOCAPP &#187; MOCAPP","og_description":"Alexandra Teja Brockmann din Berlin este Mentor \u00een Influencer Accelerator - edi\u021bia a 2-a (Mai-Iulie 2024)","og_url":"https:\/\/mocapp.net\/blog\/alexandra-teja-brockmann\/?lang=ro","og_site_name":"MOCAPP","article_publisher":"https:\/\/www.facebook.com\/mocapp\/","article_modified_time":"2024-05-06T14:09:15+00:00","og_image":[{"url":"https:\/\/mocapp.net\/blog\/wp-content\/uploads\/2024\/05\/Alexandra-Teja-profil-2024-300x300.jpeg"}],"twitter_card":"summary_large_image","schema":{"@context":"https:\/\/schema.org","@graph":[{"@type":"WebPage","@id":"https:\/\/mocapp.net\/blog\/alexandra-teja-brockmann\/?lang=ro","url":"https:\/\/mocapp.net\/blog\/alexandra-teja-brockmann\/?lang=ro","name":"Alexandra Teja Brockmann este Mentor Influencer Accelerator by MOCAPP &#187; MOCAPP","isPartOf":{"@id":"https:\/\/mocapp.net\/blog\/#website"},"primaryImageOfPage":{"@id":"https:\/\/mocapp.net\/blog\/alexandra-teja-brockmann\/?lang=ro#primaryimage"},"image":{"@id":"https:\/\/mocapp.net\/blog\/alexandra-teja-brockmann\/?lang=ro#primaryimage"},"thumbnailUrl":"https:\/\/mocapp.net\/blog\/wp-content\/uploads\/2024\/05\/Alexandra-Teja-profil-2024-300x300.jpeg","datePublished":"2024-04-21T17:13:38+00:00","dateModified":"2024-05-06T14:09:15+00:00","description":"Alexandra Teja Brockmann din Berlin este Mentor \u00een Influencer Accelerator - edi\u021bia a 2-a (Mai-Iulie 2024)","breadcrumb":{"@id":"https:\/\/mocapp.net\/blog\/alexandra-teja-brockmann\/?lang=ro#breadcrumb"},"inLanguage":"en-US","potentialAction":[{"@type":"ReadAction","target":["https:\/\/mocapp.net\/blog\/alexandra-teja-brockmann\/?lang=ro"]}]},{"@type":"ImageObject","inLanguage":"en-US","@id":"https:\/\/mocapp.net\/blog\/alexandra-teja-brockmann\/?lang=ro#primaryimage","url":"https:\/\/mocapp.net\/blog\/wp-content\/uploads\/2024\/05\/Alexandra-Teja-profil-2024-300x300.jpeg","contentUrl":"https:\/\/mocapp.net\/blog\/wp-content\/uploads\/2024\/05\/Alexandra-Teja-profil-2024-300x300.jpeg"},{"@type":"BreadcrumbList","@id":"https:\/\/mocapp.net\/blog\/alexandra-teja-brockmann\/?lang=ro#breadcrumb","itemListElement":[{"@type":"ListItem","position":1,"name":"Home","item":"https:\/\/mocapp.net\/blog\/"},{"@type":"ListItem","position":2,"name":"Alexandra Teja Brockmann este Mentor Influencer Accelerator by MOCAPP"}]},{"@type":"WebSite","@id":"https:\/\/mocapp.net\/blog\/#website","url":"https:\/\/mocapp.net\/blog\/","name":"MOCAPP","description":"Blogul MOCAPP","publisher":{"@id":"https:\/\/mocapp.net\/blog\/#organization"},"potentialAction":[{"@type":"SearchAction","target":{"@type":"EntryPoint","urlTemplate":"https:\/\/mocapp.net\/blog\/?s={search_term_string}"},"query-input":"required name=search_term_string"}],"inLanguage":"en-US"},{"@type":"Organization","@id":"https:\/\/mocapp.net\/blog\/#organization","name":"Mocapp","url":"https:\/\/mocapp.net\/blog\/","logo":{"@type":"ImageObject","inLanguage":"en-US","@id":"https:\/\/mocapp.net\/blog\/#\/schema\/logo\/image\/","url":"https:\/\/blog.mocapp.net\/wp-content\/uploads\/2020\/06\/LOGO_WhiteBG.png","contentUrl":"https:\/\/blog.mocapp.net\/wp-content\/uploads\/2020\/06\/LOGO_WhiteBG.png","width":110,"height":30,"caption":"Mocapp"},"image":{"@id":"https:\/\/mocapp.net\/blog\/#\/schema\/logo\/image\/"},"sameAs":["https:\/\/www.facebook.com\/mocapp\/","https:\/\/www.instagram.com\/mocappnet\/"]}]}},"_links":{"self":[{"href":"https:\/\/mocapp.net\/blog\/wp-json\/wp\/v2\/pages\/8289"}],"collection":[{"href":"https:\/\/mocapp.net\/blog\/wp-json\/wp\/v2\/pages"}],"about":[{"href":"https:\/\/mocapp.net\/blog\/wp-json\/wp\/v2\/types\/page"}],"author":[{"embeddable":true,"href":"https:\/\/mocapp.net\/blog\/wp-json\/wp\/v2\/users\/2"}],"replies":[{"embeddable":true,"href":"https:\/\/mocapp.net\/blog\/wp-json\/wp\/v2\/comments?post=8289"}],"version-history":[{"count":4,"href":"https:\/\/mocapp.net\/blog\/wp-json\/wp\/v2\/pages\/8289\/revisions"}],"predecessor-version":[{"id":8374,"href":"https:\/\/mocapp.net\/blog\/wp-json\/wp\/v2\/pages\/8289\/revisions\/8374"}],"wp:attachment":[{"href":"https:\/\/mocapp.net\/blog\/wp-json\/wp\/v2\/media?parent=8289"}],"curies":[{"name":"wp","href":"https:\/\/api.w.org\/{rel}","templated":true}]}}